 + 1 + 8).
-2
What is (15 - 18) + (1 - -7)?
5
What is (-4 - (-5 - -3)) + (3 - 0)?
1
What is -2 - 1 - -3 - 2?
-2
Calculate -2 - ((1 - -6) + -7).
-2
Evaluate 0 - -8 - 19 - -3.
-8
Calculate 12 - (-13 - (-18 - 7)).
0
-25 + 11 + 8 + 0
-6
What is the value of (-2 - -2) + (2 - 0)?
2
8 + (-4 - -2) + -4
2
(-1 - (-3 - -4 - -2)) + 7
3
What is the value of -9 - -3 - (-2 + -1 + 5)?
-8
-1 - (1 - 9 - -5)
2
3 + -1 - ((-10 - -5) + 5)
2
Evaluate 0 - 0 - -7 - (-215 + 227).
-5
1 + (-2 - -5) + -11 + 2
-5
Calculate 1 + (-7 - (0 + -4)).
-2
What is the value of -6 - (-22 + 9) - 4?
3
Calculate 0 + 8 - (-9 + 16).
1
What is (-3 - 8) + 9 + -4?
-6
Calculate -12 + 0 + 5 + 5 + -2.
-4
28 + -18 + (1 - 5)
6
Calculate 0 + 0 - (6 + (6 - 11)).
-1
What is -5 + (-3 - (1 + -4 - 2))?
-3
Calculate (-3 - -1 - -1) + -1.
-2
Calculate -8 - (2 + -7 + 1).
-4
What is the value of -2 + (3 - 3) + 0?
-2
What is -6 - ((-15 - -7) + -2)?
4
What is -4 + (4 + 1 - (-1 + 6))?
-4
What is -17 - (-2 + 11 - 16)?
-10
Calculate (1 - 7) + (7 - (0 + -6)).
7
What is 0 - 3 - (-11 - (-21 - -9))?
-4
(-1 - 5 - (-14 + 10)) + 3
1
What is -5 + 0 + 2 + -1?
-4
What is the value of (9 - -1) + 2 + -83 + 79?
8
5 + -6 + (-8 - -3)
-6
What is 5 - (5 - (-6 - (0 - 2)))?
-4
What is 3 + (-8 - -19) + -9?
5
Evaluate 2 + (-2 - (7 + -13)).
6
Calculate -1 - (7 - 11) - 8.
-5
Calculate (-1 + 6 - 2) + 0 + -10.
-7
What is -4 + 6 + 0 + (-2 - -2)?
2
What is (-5 - -8) + -3 + -5?
-5
Calculate 8 + -12 + 8 - (1 + 1).
2
What is the value of 1 + -1 + 0 - (-53 - -54)?
-1
Calculate (9 - 18 - -15) + -10.
-4
Evaluate (5 - 1) + -6 - (-3 - -3).
-2
Calculate 21 + -20 + (1 - 2).
0
What is 1 - (-2 + -3 + 5)?
1
What is -4 + 6 - (12 + (6 - 7))?
-9
Calculate 15 - (1 - -3) - 7.
4
3 - -2 - (6 + -8 - -5)
2
Evaluate 5 + (0 - (3 - -14)) + 5.
-7
What is the value of -6 + -6 + 15 + 3?
6
(2 - -6) + (-13 - (-22 - -11))
6
Calculate -6 - (6 - 2 - 2) - -4.
-4
Calculate 2 + -6 + 4 - (-16 - -18).
-2
Calculate (-3 - (-13 + 7)) + -2.
1
Calculate -1 - (-5 - (5 - 6)).
3
Evaluate -4 + 4 + (5 - 2).
3
Evaluate -2 - -11 - (-11 + 26).
-6
What is the value of -2 - (-1 + (0 - 6))?
5
What is the value of (6 + 0 - 3) + 0?
3
Evaluate -1 + -1 - (3 + -6).
1
What is the value of (-8 - -3) + 9 - (0 + 1)?
3
What is the value of -7 + (-2 - 1) + (19 - 15)?
-6
Evaluate 1 - (4 + -3 + -3).
3
What is the value of -1 - ((-5 - -6) + -3) - 0?
1
Evaluate 2 + (5 - 0) + (-10 - -8).
5
Calculate 7 + 1 - -1 - (-126 + 133).
2
What is -11 - (-5 + -2 - 10)?
6
What is (-6 - -1 - -4) + (0 - -5)?
4
-4 + -7 - -5 - -2
-4
Evaluate 3 + 5 + -3 + (13 - 10).
8
Calculate (3 - 0 - 0) + -2 + 2.
3
Calculate -2 + (-4 + 3 - -1).
-2
-49 + 52 + (3 - 7)
-1
Evaluate -1 - -1 - (52 - 51).
-1
What is -51 + 52 - (0 - (3 + -2))?
2
What is 0 + (4 + -15 - -3) + 4?
-4
Evaluate 11 - 3 - 3 - 0.
5
Calculate 6 - (20 + -6) - (-6 + 1).
-3
-2 + 0 + 12 + -8
2
What is 3 + -9 + (0 - -4)?
-2
-4 + 1 - (0 - 2 - -1)
-2
Evaluate (42 - 54) + (3 - -5).
-4
-12 - (-1 + 1 + -8)
-4
Calculate -3 + -3 + 15 + -4.
5
Evaluate 7 + -5 + (5 - 2).
5
What is the value of 4 - (7 + -4) - (-2 - -1)?
2
Calculate -2 + -9 + (-3 - -6).
-8
Calculate -12 - (10 + (-8 - 11)).
-3
Calculate 6 - (-1 - (3 - 11)).
-1
What is the value of -1 + 4 + 110 + -109?
4
What is 5 + (6 - (12 + -4))?
3
Calculate -11 + (-8 - -16 - -12).
9
(98 - 90) + -11 + 1
-2
What is -2 + 6 + -5 - 1 - -10?
8
Evaluate 95 + -96 - (1 + -5) - -7.
10
Calculate (-1 - -8 - 3) + -9 - -15.
10
3 + -2 + 7 + -13 + 8
3
What is -6 - (3 + -8 + 5)?
-6
What is -4 + 13 + -3 + -6 + 0?
0
What is 1 - (7 - 3) - (1 - 5)?
1
Evaluate (10 + 2 - -4) + -8.
8
Calculate -6 - ((3 - 14) + -1 + 7).
-1
(3 - 1) + (2 - 2)
2
Calculate 12 - 16 - (1 + 0 + -1).
-4
What is the value of 6 + -9 + 23 + -23?
-3
Calculate 1 - (3 - (-3 + 7 + -3)).
-1
What is -5 + -6 + 5 - -5?
-1
31 + -25 - (7 + 0)
-1
What is the value of -2 + (0 - 2) - 1?
-5
What is the value of -5 + (-1 + 3 + 1 - 3)?
-5
What is 5 + 1 - 3 - (0 - 2)?
5
What is the value of (3 - (-6 - -1)) + (-5 - -2)?
5
Calculate 1 + -6 - (7 + -13).
1
0 + 1 + 79 + -83
-3
-7 + (-3 - -9) + -4
-5
Calculate -6 + (1 - 3) - (-49 + 46).
-5
Calculate -4 + (-5 - (4 - 10)).
-3
Evaluate -5 + 7 - (5 - 3).
0
What is (-1 - -2) + 3 + 23 + -29?
-2
Evaluate (8 - 0 - (1 - -5)) + 6.
8
Calculate (2 - -1) + -5 + -1.
-3
-6 - (-1 - -4 - 6)
-3
Calculate 0 + -3 + -1 - 8 - -2.
-10
Evaluate (9 - 1) + 12 + -17.
3
Evaluate -2 + (-14 - -8) + (0 - -11).
3
Calculate 0 + (4 + -2 - (7 - 5)).
0
What is (1 - (0 - 2)) + -12 + 11?
2
What is the value of -1 - (-4 - (-1 + 0 - 6))?
-4
What is 2 + 3 + -4 - 0?
1
Calculate (3 - (-2 - -4)) + (-1 - 3).
-3
Calculate 0 - (13 - 15 - (-1 + 1)).
2
What is the value of (-11 - -8 - -7) + 3?
7
(-5 - -8 - -1) + -3
1
Calculate 0 + -7 + 1 + -3.
-9
What is 2 + (1 - 1) + (3 - 0)?
5
6 - 7 - (-8 - -6)
1
Evaluate (0 + 5 - 3 - 2) + -4.
-4
Evaluate (6 - 8) + (2 - 9) - -4.
-5
Calculate 6 + (-5 - 10) + 7.
-2
Calculate -2 - (4 + 1 + -2).
-5
What is the value of -2 - (-6 + 3 - -1)?
0
Evaluate -9 - (-8 - -1) - (-1 - 0).
-1
-2 - (-2 - 0) - (-5 - -10)
-5
Calculate -2 + (-6 - 2 - (-28 - -8)).
10
(8 - -2) + (36 - 42)
4
9 - (-4 + 4 - -7)
2
Evaluate 1 - (-5 - -8) - (2 - 3).
-1
What is the value of 3 + 1 + -2 + -7?
-5
Evaluate 15 + -12 + 10 - 14.
-1
What is the value of -7 - (1 + 6 + -2 + -9)?
-3
Evaluate -10 - (-7 - -14 - 10).
-7
2 - 0 - (-53 + 58)
-3
What is 6 + (3 + -6 - 6)?
-3
What is the value of -9 + 10 + (0 - -3)?
4
Calculate -11 + 17 + (-6 - -2).
2
Evaluate -2 - (7 - (7 + -2)).
-4
What is the value of 1 + (3 + -3 - -4) + 0?
5
What is the value of 0 + (-7 - (9 + -16))?
0
Calculate -8 - (-2 - 1) - -8.
3
Evaluate 8 + (-2 - 0) + -1 + -4.
1
-8 + 9 + (12 - 10)
3
What is the value of 56 + -59 + (-1 + 0 - -4)?
0
What is 0 + -1 - (3 - (3 - -3))?
2
What is (-1 + 0 - 3) + -26 + 24?
-6
Calculate 1 - (-10 + 12 + -6) - 11.
-6
10 + (-26 - -2 - -12)
-2
Calculate 2 - 1 - (-27 - -29).
-1
10 + -11 + 8 + -11
-4
(-4 + 4 - -3) + 0
3
What is the value of -6 - (-2 - (12 - 6))?
2
-2 + (1 - -2) + (1 - 7)
-5
What is (-1 - (-3 - -2)) + -9 + 9?
0
-13 + 16 - (0 - 0)
3
What is 23 + -28 - (0 + 2)?
-7
Evaluate (5 - 8) + 6 + -9 + 1.
-5
What is (4 - -2) + (-1 - (16 - 4))?
-7
(5 + -4 - -8) + -4
5
What is (-2 - -3 - -4) + -1 - 4?
0
What is the value of -1 - -6 - (17 - 13)?
1
What is the value of 14 - 10 - (8 - -1)?
-5
What is the value of 2 - (3 + (-4 - 0) + 1)?
2
What is (-1 - 2) + 2 + 0?
-1
What is 2 - (-2 + 2 + -7 + 4)?
5
What is the value of -2 + 1 + (-9 + 6 - -2)?
-2
15 + (1 - -1) + (-4 - 3)
10
What is the value of (2 - 3) + 2 - 3?
-2
2 + (-3 + 3 - (8 + -2))
-4
What is (-2 - 0) + -2 + -70 + 69?
-5
1 + 1 + (0 - -3) + -1
4
What is the value of -5 - ((-12 - -8) + (2 - 0))?
-3
What is the value of 9 + (7 - 15) - -7 - -3?
11
Calculate -2 + (1 - -1 - (-7 + 6)).
1
Calculate 0 + (5 - 2 - 3).
0
4 + (-5 + 9 - 6 - 1)
1
Calculate -2 - (-2 - 11 - -4 - -4).
3
What is the value of -11 + 4 + -9 + 13?
-3
Evaluate -2 + -5 + 1 + -7 + 9.
-4
What is -8 + (-4 - -8) + 0?
-4
What is the value of -1 - (10 + (-6 - 0))?
-5
What is 1 + (1 - 4 - -1 - -4)?
3
What is 5 - (2 + -4) - 4?
3
What is the value of -3 - 0 - (8 - 16)?
5
-1 + (3 + -4 + 4 - 3)
-1
Evaluate 4 + (1 - 5) - (-3 + 1).
2
0 + (6 - 4) + -3
-1
What is -10 - -17 - (0 + 2 + 0)?
5
What is the value of (-7 + 2 - 4) + 1?
-8
What is 4 + 4 + -7 + 7?
8
Evaluate 4 + (4 - 5 - -1).
4
Calculate (-23 - -23) + -9 + 2.
-7
Evaluate -12 - (3 - 27) - 5.
7
-3 - (-1 - 19) - (6 - 0)
11
What is the value of (-1 - 10) + -75 + 81?
-5
What is the value of 1 + 6 - (-28 - (-21 + -7))?
7
Evaluate (12 - 6) + -14 - (3 + -1).
-10
What is 1 - (-3 - (0 - 0))?
4
Evaluate -4 + (-1 - (-3 + (-1 - 0))).
-1
What is -1 - (-2 + 4 - 9)?
6
What is -4 - (3 - 2 - 6)?
1
Calculate -5 - (4 + -11 + 3 + 3).
-4
What is -12 - (7 + (-22 - -7))?
-4
What is -58 + 63 + (-9 - 1)?
-5
Evaluate 7 - (7 + 4 + -13).
9
Evaluate (-12 + 6 - -2) + 9.
5
What is 5 + (7 - (-8 + 15))?
5
Calculate 7 - 1 - (9 + -2).
-1
Calculate 7 - (6 - -2) - (-2 + 0).
1
What is the value of -3 + 7 - (23 + -16)?
-3
6 + -6 + -3 + (5 - 1)
1
(6 - (-2 + -2)) + -6
4
Evaluate 9 + -4 - (-1 - -3).
3
What is the value of -1 - (-3 + -1) - 3?
0
Evaluate (1 - 3 - 6) + 10.
2
Calculate -1 + (2 + -4 - 0).
-3
Evaluate -1 - (-14 + 11 - -4).
-2
-7 - -11 - (0 - -3)
1
Evaluate -8 + 3 + 6 + -3.
-2
What is the value of -6 + 